on factor of 583443 and 441.
441
Calculate the highest common divisor of 8273829 and 111.
111
What is the greatest common factor of 17992 and 5928?
104
Calculate the greatest common divisor of 12240 and 3120.
240
What is the highest common factor of 9879 and 1443?
111
What is the greatest common factor of 6254 and 12720?
106
What is the highest common factor of 812 and 1911042?
406
What is the highest common divisor of 2198 and 16604?
14
What is the highest common factor of 544102 and 442?
442
What is the highest common divisor of 3145 and 17?
17
Calculate the greatest common divisor of 1542 and 24.
6
Calculate the highest common divisor of 30788 and 5676.
172
Calculate the highest common factor of 95904 and 555.
111
Calculate the highest common divisor of 5373 and 3184.
199
Calculate the greatest common divisor of 70 and 15225.
35
Calculate the highest common divisor of 279 and 73413.
9
Calculate the highest common factor of 291841 and 2365.
473
What is the highest common factor of 12720 and 6890?
530
Calculate the highest common divisor of 742 and 1338197.
371
Calculate the greatest common divisor of 18540 and 1648.
412
What is the greatest common divisor of 480 and 14120?
40
What is the highest common divisor of 17606 and 46?
2
What is the greatest common divisor of 6 and 1117896?
6
What is the greatest common divisor of 110504 and 1976?
152
Calculate the highest common factor of 96949 and 268.
67
Calculate the greatest common factor of 8624 and 10384.
176
Calculate the highest common factor of 1396 and 117962.
698
What is the highest common factor of 13 and 761059?
13
Calculate the greatest common divisor of 2129 and 212.
1
What is the highest common factor of 64 and 190144?
64
Calculate the greatest common divisor of 57 and 69009.
3
Calculate the highest common divisor of 13688 and 7424.
232
What is the greatest common factor of 231475 and 3152?
197
Calculate the greatest common divisor of 127 and 2867787.
127
Calculate the highest common factor of 12760 and 184382.
638
What is the highest common factor of 23739 and 16851?
123
Calculate the greatest common factor of 21239 and 554750.
317
What is the greatest common divisor of 1792 and 392672?
224
What is the greatest common factor of 529 and 4531?
23
Calculate the greatest common factor of 7912 and 256.
8
What is the greatest common factor of 15390 and 27?
27
Calculate the highest common factor of 27 and 25857.
9
Calculate the highest common divisor of 471262 and 682.
682
Calculate the greatest common factor of 1988962 and 402.
134
Calculate the highest common factor of 3203434 and 26.
26
What is the highest common divisor of 32 and 3385504?
32
Calculate the highest common divisor of 42 and 28833.
21
What is the greatest common divisor of 696 and 173130?
174
Calculate the greatest common divisor of 943407 and 7695.
1539
What is the highest common divisor of 41251 and 12201?
581
What is the highest common factor of 126 and 29214?
18
What is the greatest common factor of 7143 and 72?
3
What is the greatest common factor of 610352 and 4?
4
Calculate the highest common factor of 1112 and 4309.
139
Calculate the greatest common divisor of 50545 and 110.
55
Calculate the greatest common divisor of 77290 and 20.
10
Calculate the greatest common factor of 37224 and 156024.
792
Calculate the greatest common divisor of 95 and 282758.
19
What is the highest common divisor of 23 and 5521771?
23
Calculate the highest common factor of 9464 and 35.
7
Calculate the greatest common factor of 4680 and 4022460.
2340
Calculate the highest common divisor of 75 and 365225.
25
What is the greatest common divisor of 11536 and 224?
112
Calculate the greatest common divisor of 42 and 237006.
42
Calculate the highest common divisor of 43677 and 873.
9
What is the greatest common divisor of 310 and 868?
62
What is the greatest common factor of 5247 and 81?
9
What is the highest common factor of 3213 and 2877?
21
Calculate the highest common factor of 2394 and 292572.
126
What is the greatest common divisor of 509 and 247883?
509
Calculate the greatest common divisor of 150 and 924675.
75
Calculate the highest common factor of 903686 and 833.
119
Calculate the greatest common divisor of 109192 and 4.
4
Calculate the greatest common factor of 2380 and 65620.
340
What is the greatest common divisor of 5956524 and 756?
756
What is the highest common factor of 7742 and 1862?
98
Calculate the highest common factor of 304 and 17.
1
What is the highest common factor of 5700 and 68628?
228
Calculate the highest common divisor of 6812 and 16224.
52
Calculate the highest common divisor of 20568 and 40.
8
Calculate the greatest common factor of 26829 and 14751.
99
What is the highest common divisor of 199178 and 1735?
347
Calculate the greatest common divisor of 2881999 and 79.
79
Calculate the greatest common factor of 282 and 13959.
141
What is the greatest common divisor of 4940 and 24605?
95
Calculate the highest common divisor of 18892 and 28.
4
Calculate the highest common divisor of 36 and 1573716.
12
What is the greatest common factor of 31005 and 57717?
477
Calculate the highest common factor of 612 and 1401684.
204
What is the greatest common divisor of 125 and 466625?
125
Calculate the greatest common divisor of 729247 and 1227.
409
What is the highest common divisor of 139868 and 3796?
292
What is the greatest common factor of 27252 and 252?
36
Calculate the highest common factor of 13 and 1683019.
13
Calculate the greatest common factor of 25544 and 72512.
824
What is the highest common factor of 522 and 2414511?
261
Calculate the highest common divisor of 1557 and 144.
9
Calculate the highest common divisor of 777 and 1433824.
259
Calculate the highest common divisor of 7911264 and 6624.
2208
What is the highest common divisor of 261 and 2291?
29
What is the highest common divisor of 14353 and 713?
31
What is the greatest common divisor of 1440 and 2493?
9
Calculate the highest common factor of 1344 and 92.
4
Calculate the highest common divisor of 13962 and 39468.
78
What is the highest common factor of 76791 and 2145?
429
What is the highest common factor of 3015 and 109679?
67
What is the highest common factor of 5247 and 18612?
99
Calculate the greatest common divisor of 646 and 4503266.
646
What is the greatest common divisor of 18 and 62163?
9
What is the highest common divisor of 143 and 3159?
13
What is the highest common divisor of 274 and 290851?
137
What is the greatest common divisor of 680979 and 8892?
741
What is the greatest common factor of 946 and 796403?
43
What is the highest common factor of 6626 and 7?
1
What is the highest common factor of 6804 and 2457?
189
What is the highest common divisor of 9085 and 5674491?
1817
Calculate the greatest common divisor of 3 and 33313.
1
Calculate the greatest common divisor of 68 and 2363.
17
Calculate the highest common divisor of 56608 and 61.
61
Calculate the highest common divisor of 15437 and 52414.
359
What is the highest common factor of 329 and 402367?
329
What is the greatest common factor of 1344 and 75712?
448
Calculate the greatest common divisor of 376485 and 1425.
285
Calculate the greatest common factor of 4160596 and 44.
44
Calculate the greatest common divisor of 935 and 80245.
55
Calculate the greatest common divisor of 2483316 and 396.
396
What is the highest common factor of 17 and 2930987?
17
Calculate the highest common factor of 3096 and 3672.
72
Calculate the greatest common divisor of 156294 and 1026.
342
Calculate the highest common divisor of 786978 and 18.
18
Calculate the greatest common divisor of 9315 and 216.
27
What is the greatest common factor of 734 and 46?
2
Calculate the highest common divisor of 37248 and 224.
32
Calculate the greatest common divisor of 254 and 10.
2
Calculate the greatest common divisor of 564 and 130236.
12
Calculate the highest common divisor of 1316 and 47846.
94
What is the highest common divisor of 5696 and 5056?
64
Calculate the highest common factor of 1012 and 5346.
22
What is the highest common divisor of 280 and 68565?
35
What is the highest common divisor of 96212 and 536?
268
Calculate the highest common factor of 156 and 16822.
26
Calculate the greatest common divisor of 102 and 916